ivided by 224.
99
Calculate the remainder when 1043 is divided by 55.
53
Calculate the remainder when 251 is divided by 15.
11
Calculate the remainder when 1032 is divided by 5.
2
What is the remainder when 719 is divided by 40?
39
What is the remainder when 502 is divided by 36?
34
Calculate the remainder when 262 is divided by 5.
2
What is the remainder when 878 is divided by 8?
6
Calculate the remainder when 318 is divided by 4.
2
Calculate the remainder when 208 is divided by 54.
46
Calculate the remainder when 492 is divided by 38.
36
What is the remainder when 2413 is divided by 35?
33
Calculate the remainder when 235 is divided by 37.
13
Calculate the remainder when 118 is divided by 65.
53
Calculate the remainder when 1290 is divided by 108.
102
Calculate the remainder when 107 is divided by 28.
23
What is the remainder when 692 is divided by 343?
6
What is the remainder when 1827 is divided by 85?
42
Calculate the remainder when 229 is divided by 180.
49
What is the remainder when 188 is divided by 39?
32
Calculate the remainder when 490 is divided by 161.
7
What is the remainder when 719 is divided by 359?
1
What is the remainder when 654 is divided by 14?
10
What is the remainder when 430 is divided by 27?
25
Calculate the remainder when 5523 is divided by 85.
83
Calculate the remainder when 8207 is divided by 171.
170
What is the remainder when 1080 is divided by 16?
8
Calculate the remainder when 1107 is divided by 1100.
7
What is the remainder when 17 is divided by 15?
2
What is the remainder when 88 is divided by 60?
28
Calculate the remainder when 106 is divided by 21.
1
Calculate the remainder when 562 is divided by 15.
7
What is the remainder when 340 is divided by 118?
104
Calculate the remainder when 2938 is divided by 1469.
0
Calculate the remainder when 134 is divided by 17.
15
Calculate the remainder when 1534 is divided by 24.
22
Calculate the remainder when 250 is divided by 23.
20
What is the remainder when 9776 is divided by 1085?
11
What is the remainder when 7469 is divided by 14?
7
What is the remainder when 237 is divided by 55?
17
Calculate the remainder when 36 is divided by 28.
8
What is the remainder when 967 is divided by 54?
49
Calculate the remainder when 1575 is divided by 116.
67
What is the remainder when 186 is divided by 62?
0
Calculate the remainder when 94 is divided by 33.
28
Calculate the remainder when 456 is divided by 29.
21
Calculate the remainder when 151 is divided by 11.
8
Calculate the remainder when 1168 is divided by 384.
16
Calculate the remainder when 4681 is divided by 66.
61
Calculate the remainder when 1054 is divided by 27.
1
What is the remainder when 23409 is divided by 23?
18
Calculate the remainder when 41 is divided by 7.
6
Calculate the remainder when 63 is divided by 17.
12
Calculate the remainder when 1379 is divided by 30.
29
What is the remainder when 526 is divided by 13?
6
What is the remainder when 298 is divided by 274?
24
What is the remainder when 1384 is divided by 116?
108
Calculate the remainder when 177 is divided by 10.
7
Calculate the remainder when 1527 is divided by 8.
7
What is the remainder when 707 is divided by 179?
170
Calculate the remainder when 398 is divided by 11.
2
Calculate the remainder when 1496 is divided by 1481.
15
What is the remainder when 431 is divided by 109?
104
What is the remainder when 4290 is divided by 58?
56
What is the remainder when 89 is divided by 18?
17
Calculate the remainder when 3481 is divided by 1150.
31
Calculate the remainder when 147 is divided by 113.
34
Calculate the remainder when 130 is divided by 35.
25
What is the remainder when 277 is divided by 71?
64
Calculate the remainder when 589 is divided by 167.
88
Calculate the remainder when 113 is divided by 50.
13
Calculate the remainder when 6032 is divided by 85.
82
What is the remainder when 954 is divided by 934?
20
What is the remainder when 224 is divided by 174?
50
Calculate the remainder when 234 is divided by 37.
12
What is the remainder when 4157 is divided by 73?
69
Calculate the remainder when 1826 is divided by 11.
0
Calculate the remainder when 4065 is divided by 51.
36
What is the remainder when 5597 is divided by 32?
29
What is the remainder when 656 is divided by 215?
11
What is the remainder when 239 is divided by 40?
39
What is the remainder when 31 is divided by 17?
14
Calculate the remainder when 2147 is divided by 25.
22
What is the remainder when 16 is divided by 10?
6
What is the remainder when 69 is divided by 40?
29
What is the remainder when 693 is divided by 257?
179
Calculate the remainder when 691 is divided by 15.
1
Calculate the remainder when 135 is divided by 3.
0
What is the remainder when 1608 is divided by 62?
58
What is the remainder when 849 is divided by 37?
35
What is the remainder when 1550 is divided by 759?
32
Calculate the remainder when 259 is divided by 62.
11
What is the remainder when 38 is divided by 26?
12
Calculate the remainder when 5542 is divided by 84.
82
What is the remainder when 5401 is divided by 14?
11
What is the remainder when 3535 is divided by 29?
26
What is the remainder when 137 is divided by 22?
5
What is the remainder when 2130 is divided by 26?
24
Calculate the remainder when 591 is divided by 98.
3
Calculate the remainder when 328 is divided by 30.
28
What is the remainder when 757 is divided by 160?
117
What is the remainder when 338 is divided by 43?
37
What is the remainder when 278 is divided by 18?
8
Calculate the remainder when 167 is divided by 85.
82
Calculate the remainder when 141 is divided by 26.
11
What is the remainder when 1707 is divided by 156?
147
What is the remainder when 231 is divided by 10?
1
Calculate the remainder when 171 is divided by 161.
10
Calculate the remainder when 22882 is divided by 49.
48
Calculate the remainder when 263 is divided by 19.
16
Calculate the remainder when 32 is divided by 7.
4
What is the remainder when 415 is divided by 131?
22
What is the remainder when 6955 is divided by 151?
9
What is the remainder when 55 is divided by 30?
25
What is the remainder when 404 is divided by 99?
8
Calculate the remainder when 641 is divided by 302.
37
Calculate the remainder when 114 is divided by 62.
52
What is the remainder when 2056 is divided by 20?
16
What is the remainder when 743 is divided by 24?
23
Calculate the remainder when 1452 is divided by 135.
102
What is the remainder when 271 is divided by 99?
73
Calculate the remainder when 94959 is divided by 98.
95
What is the remainder when 106 is divided by 92?
14
What is the remainder when 658 is divided by 12?
10
What is the remainder when 51 is divided by 41?
10
What is the remainder when 370 is divided by 31?
29
Calculate the remainder when 79 is divided by 27.
25
What is the remainder when 43 is divided by 3?
1
What is the remainder when 97 is divided by 17?
12
What is the remainder when 1456 is divided by 27?
25
Calculate the remainder when 552 is divided by 102.
42
Calculate the remainder when 1147 is divided by 5.
2
Calculate the remainder when 66 is divided by 24.
18
Calculate the remainder when 134 is divided by 34.
32
Calculate the remainder when 12397 is divided by 50.
47
What is the remainder when 110 is divided by 30?
20
What is the remainder when 295 is divided by 11?
9
Calculate the remainder when 5197 is divided by 25.
22
Calculate the remainder when 2238 is divided by 20.
18
Calculate the remainder when 313 is divided by 81.
70
What is the remainder when 1030 is divided by 179?
135
Calculate the remainder when 1806 is divided by 18.
6
What is the remainder when 776 is divided by 16?
8
What is the remainder when 668 is divided by 243?
182
What is the remainder when 1206 is divided by 22?
18
Calculate the remainder when 117 is divided by 39.
0
Calculate the remainder when 130 is divided by 19.
16
Calculate the remainder when 2483 is divided by 4.
3
Calculate the remainder when 2267 is divided by 6.
5
Calculate the remainder when 199 is divided by 10.
9
Calculate the remainder when 173 is divided by 26.
17
What is the remainder when 582 is divided by 9?
6
Calculate the remainder when 1229 is divided by 8.
5
Calculate the remainder when 478 is divided by 24.
22
Calculate the remainder wh